{"id":1137,"date":"2024-03-06T13:10:06","date_gmt":"2024-03-06T12:10:06","guid":{"rendered":"https:\/\/www.bfmtal.de\/?page_id=1137"},"modified":"2024-04-01T08:15:15","modified_gmt":"2024-04-01T06:15:15","slug":"mitglied-werden","status":"publish","type":"page","link":"https:\/\/www.bfmtal.de\/index.php\/mitglied-werden\/","title":{"rendered":"Werde Mitglied"},"content":{"rendered":"\t\t<div data-elementor-type=\"wp-page\" data-elementor-id=\"1137\" class=\"elementor elementor-1137\">\n\t\t\t\t\t\t<section class=\"elementor-section elementor-top-section elementor-element elementor-element-96db27c elementor-section-content-space-evenly elementor-section-boxed elementor-section-height-default elementor-section-height-default\" data-id=\"96db27c\" data-element_type=\"section\" data-e-type=\"section\" data-settings=\"{&quot;shape_divider_top&quot;:&quot;mountains&quot;}\">\n\t\t\t\t\t\t\t<div class=\"elementor-background-overlay\"><\/div>\n\t\t\t\t\t\t<div class=\"elementor-shape elementor-shape-top\" aria-hidden=\"true\" data-negative=\"false\">\n\t\t\t<svg xmlns=\"http:\/\/www.w3.org\/2000\/svg\" viewBox=\"0 0 1000 100\" preserveAspectRatio=\"none\">\n\t<path class=\"elementor-shape-fill\" opacity=\"0.33\" d=\"M473,67.3c-203.9,88.3-263.1-34-320.3,0C66,119.1,0,59.7,0,59.7V0h1000v59.7 c0,0-62.1,26.1-94.9,29.3c-32.8,3.3-62.8-12.3-75.8-22.1C806,49.6,745.3,8.7,694.9,4.7S492.4,59,473,67.3z\"\/>\n\t<path class=\"elementor-shape-fill\" opacity=\"0.66\" d=\"M734,67.3c-45.5,0-77.2-23.2-129.1-39.1c-28.6-8.7-150.3-10.1-254,39.1 s-91.7-34.4-149.2,0C115.7,118.3,0,39.8,0,39.8V0h1000v36.5c0,0-28.2-18.5-92.1-18.5C810.2,18.1,775.7,67.3,734,67.3z\"\/>\n\t<path class=\"elementor-shape-fill\" d=\"M766.1,28.9c-200-57.5-266,65.5-395.1,19.5C242,1.8,242,5.4,184.8,20.6C128,35.8,132.3,44.9,89.9,52.5C28.6,63.7,0,0,0,0 h1000c0,0-9.9,40.9-83.6,48.1S829.6,47,766.1,28.9z\"\/>\n<\/svg>\t\t<\/div>\n\t\t\t\t\t<div class=\"elementor-container elementor-column-gap-no\">\n\t\t\t\t\t<div class=\"elementor-column elementor-col-100 elementor-top-column elementor-element elementor-element-8284cbd\" data-id=\"8284cbd\" data-element_type=\"column\" data-e-type=\"column\">\n\t\t\t<div class=\"elementor-widget-wrap elementor-element-populated\">\n\t\t\t\t\t\t<div class=\"elementor-element elementor-element-ce3435b elementor-widget elementor-widget-heading\" data-id=\"ce3435b\" data-element_type=\"widget\" data-e-type=\"widget\" data-widget_type=\"heading.default\">\n\t\t\t\t<div class=\"elementor-widget-container\">\n\t\t\t\t\t<h2 class=\"elementor-heading-title elementor-size-default\">Ja, auch ich bin \u00fcberzeugt von dem neuen Weg, wirklich aktiv sein f\u00fcr den B\u00fcrger, losgel\u00f6st von Landes und Bundespolitik !\nIch unterst\u00fctze B\u00fcrger f\u00fcr M\u00fcnstertal.<\/h2>\t\t\t\t<\/div>\n\t\t\t\t<\/div>\n\t\t\t\t\t<\/div>\n\t\t<\/div>\n\t\t\t\t\t<\/div>\n\t\t<\/section>\n\t\t<div class=\"elementor-element elementor-element-910778c e-flex e-con-boxed e-con e-parent\" data-id=\"910778c\" data-element_type=\"container\" data-e-type=\"container\" data-settings=\"{&quot;background_background&quot;:&quot;classic&quot;}\">\n\t\t\t\t\t<div class=\"e-con-inner\">\n\t\t<div class=\"elementor-element elementor-element-60620a8 e-con-full e-flex e-con e-child\" data-id=\"60620a8\" data-element_type=\"container\" data-e-type=\"container\">\n\t\t\t\t<div class=\"elementor-element elementor-element-81d15ad elementor-widget elementor-widget-html\" data-id=\"81d15ad\" data-element_type=\"widget\" data-e-type=\"widget\" data-widget_type=\"html.default\">\n\t\t\t\t<div class=\"elementor-widget-container\">\n\t\t\t\t\t<br>\n<iframe width=\"427\" height=\"754\" src=\"https:\/\/www.youtube.com\/embed\/EUZ2Tp8YVRQ\" title=\"M\u00fcnstertal Rundblick\" frameborder=\"0\" allow=\"accelerometer; autoplay; clipboard-write; encrypted-media; gyroscope; picture-in-picture; web-share\" allowfullscreen><\/iframe>\t\t\t\t<\/div>\n\t\t\t\t<\/div>\n\t\t\t\t<\/div>\n\t\t<div class=\"elementor-element elementor-element-34c40c8 e-con-full e-flex e-con e-child\" data-id=\"34c40c8\" data-element_type=\"container\" data-e-type=\"container\">\n\t\t\t\t<div class=\"elementor-element elementor-element-5838e41 elementor-widget elementor-widget-html\" data-id=\"5838e41\" data-element_type=\"widget\" data-e-type=\"widget\" data-widget_type=\"html.default\">\n\t\t\t\t<div class=\"elementor-widget-container\">\n\t\t\t\t\t<iframe\nsrc=\"https:\/\/bfm.webling.eu\/forms\/memberform\/3afc5e22f07411300409\"\nframeborder=\"0\"\nstyle=\"overflow: hidden; min-height: 1355px; width: 100%\"\nheight=\"100%\"\nwidth=\"100%\"\n><\/iframe>\t\t\t\t<\/div>\n\t\t\t\t<\/div>\n\t\t\t\t<\/div>\n\t\t\t\t\t<\/div>\n\t\t\t\t<\/div>\n\t\t<div class=\"elementor-element elementor-element-6015eda e-flex e-con-boxed e-con e-parent\" data-id=\"6015eda\" data-element_type=\"container\" data-e-type=\"container\">\n\t\t\t\t\t<div class=\"e-con-inner\">\n\t\t\t\t<div class=\"elementor-element elementor-element-3cc0ae8 elementor-widget elementor-widget-text-editor\" data-id=\"3cc0ae8\" data-element_type=\"widget\" data-e-type=\"widget\" data-widget_type=\"text-editor.default\">\n\t\t\t\t<div class=\"elementor-widget-container\">\n\t\t\t\t\t\t\t\t\t<p><b style=\"font-size: 14px; color: var( --e-global-color-text ); text-align: var(--text-align);\"><span style=\"font-size: 10.5pt; font-family: 'inherit', serif; color: black; padding: 0cm; border: 1pt none windowtext;\">\u00a0Spenden und Mitgliedsbeitr\u00e4ge an freie W\u00e4hlervereinigungen sind steuerlich beg\u00fcnstigt. Die Steuerersparnis betr\u00e4gt maximal 825 Euro f\u00fcr Alleinstehende und 1.650 Euro f\u00fcr Verheiratete. Anders als bei Spenden an Parteien werden jedoch dar\u00fcber hinaus keine Sonderausgaben anerkannt.<\/span><\/b><\/p><p style=\"margin-bottom: 0cm; line-height: 18pt; background: #fafafa;\"><span style=\"font-size: 10.5pt; font-family: 'Fira Sans',sans-serif; mso-fareast-font-family: 'Times New Roman'; mso-bidi-font-family: 'Times New Roman'; color: black; mso-fareast-language: DE;\">Freie W\u00e4hlervereinigungen sind politische\u00a0<\/span><b><span style=\"font-size: 10.5pt; font-family: 'inherit', serif; color: black; padding: 0cm; border: 1pt none windowtext;\">Vereine ohne Parteicharakter,<\/span><\/b><span style=\"font-size: 10.5pt; font-family: 'Fira Sans',sans-serif; mso-fareast-font-family: 'Times New Roman'; mso-bidi-font-family: 'Times New Roman'; color: black; mso-fareast-language: DE;\">\u00a0deren Zweck die\u00a0<\/span><b><span style=\"font-size: 10.5pt; font-family: 'inherit', serif; color: black; padding: 0cm; border: 1pt none windowtext;\">Teilnahme an Wahlen auf Bundes-, Landes- oder Kommunalebene<\/span><\/b><span style=\"font-size: 10.5pt; font-family: 'Fira Sans',sans-serif; mso-fareast-font-family: 'Times New Roman'; mso-bidi-font-family: 'Times New Roman'; color: black; mso-fareast-language: DE;\">\u00a0mit eigenen Wahlvorschl\u00e4gen ist (\u00a7 34 g Nr. 2 EStG). Wichtig ist, dass die W\u00e4hlervereinigung die Rechtsform eines Vereins hat. Ob der Verein aber ins Vereinsregister eingetragen (und damit rechtsf\u00e4hig) oder nicht rechtsf\u00e4hig ist, spielt keine Rolle.<\/span><\/p><table border=\"0\" cellspacing=\"0\" cellpadding=\"0\"><tbody><tr style=\"mso-yfti-irow: 0; mso-yfti-firstrow: yes; mso-yfti-lastrow: yes; height: 12.0pt;\"><td style=\"padding: 0cm 0cm 0cm 0cm; height: 12.0pt;\" valign=\"bottom\"><p style=\"margin-bottom: 0cm; line-height: 18pt;\"><span style=\"font-size: 10.5pt; font-family: 'Fira Sans',sans-serif; mso-fareast-font-family: 'Times New Roman'; mso-bidi-font-family: 'Times New Roman'; color: black; mso-fareast-language: DE;\">Ihre Zuwendungen werden &#8211; neben Zuwendungen an politische Parteien &#8211; bis zu 1.650 Euro\/3.300 Euro (Alleinstehende\/Verheiratete) zur H\u00e4lfte direkt von der Steuerschuld abgezogen. Die\u00a0<\/span><b><span style=\"font-size: 10.5pt; font-family: 'inherit', serif; color: black; padding: 0cm; border: 1pt none windowtext;\">Steuerersparnis<\/span><\/b><span style=\"font-size: 10.5pt; font-family: 'Fira Sans',sans-serif; mso-fareast-font-family: 'Times New Roman'; mso-bidi-font-family: 'Times New Roman'; color: black; mso-fareast-language: DE;\">\u00a0betr\u00e4gt also bis zu 825 Euro \/1.650 Euro (\u00a7 34g Nr. 2 EStG).<\/span><\/p><p style=\"margin-bottom: 0cm; line-height: 18pt;\"><span style=\"font-size: 10.5pt; font-family: 'Fira Sans',sans-serif; mso-fareast-font-family: 'Times New Roman'; mso-bidi-font-family: 'Times New Roman'; color: black; mso-fareast-language: DE;\">Zuwendungen dar\u00fcber hinaus werden &#8211; anders als bei politischen Parteien &#8211; leider\u00a0<\/span><b><span style=\"font-size: 10.5pt; font-family: 'inherit', serif; color: black; padding: 0cm; border: 1pt none windowtext;\">nicht im Rahmen der Sonderausgaben<\/span><\/b><span style=\"font-size: 10.5pt; font-family: 'Fira Sans',sans-serif; mso-fareast-font-family: 'Times New Roman'; mso-bidi-font-family: 'Times New Roman'; color: black; mso-fareast-language: DE;\">\u00a0anerkannt.<\/span><\/p><\/td><\/tr><\/tbody><\/table>\t\t\t\t\t\t\t\t<\/div>\n\t\t\t\t<\/div>\n\t\t\t\t\t<\/div>\n\t\t\t\t<\/div>\n\t\t\t\t<section class=\"elementor-section elementor-top-section elementor-element elementor-element-eb35ad0 elementor-section-content-top elementor-section-boxed elementor-section-height-default elementor-section-height-default\" data-id=\"eb35ad0\" data-element_type=\"section\" data-e-type=\"section\" data-settings=\"{&quot;background_background&quot;:&quot;gradient&quot;}\">\n\t\t\t\t\t\t\t<div class=\"elementor-background-overlay\"><\/div>\n\t\t\t\t\t\t\t<div class=\"elementor-container elementor-column-gap-default\">\n\t\t\t\t\t<div class=\"elementor-column elementor-col-100 elementor-top-column elementor-element elementor-element-22b0ce4\" data-id=\"22b0ce4\" data-element_type=\"column\" data-e-type=\"column\">\n\t\t\t<div class=\"elementor-widget-wrap elementor-element-populated\">\n\t\t\t\t\t\t<section class=\"elementor-section elementor-inner-section elementor-element elementor-element-2eabc5c elementor-section-content-top elementor-section-boxed elementor-section-height-default elementor-section-height-default\" data-id=\"2eabc5c\" data-element_type=\"section\" data-e-type=\"section\">\n\t\t\t\t\t\t<div class=\"elementor-container elementor-column-gap-default\">\n\t\t\t\t\t<div class=\"elementor-column elementor-col-50 elementor-inner-column elementor-element elementor-element-f7ace3f\" data-id=\"f7ace3f\" data-element_type=\"column\" data-e-type=\"column\">\n\t\t\t<div class=\"elementor-widget-wrap elementor-element-populated\">\n\t\t\t\t\t\t<div class=\"elementor-element elementor-element-52aa9b1 elementor-invisible elementor-widget elementor-widget-text-editor\" data-id=\"52aa9b1\" data-element_type=\"widget\" data-e-type=\"widget\" data-settings=\"{&quot;_animation_delay&quot;:600,&quot;_animation&quot;:&quot;fadeInUp&quot;}\" data-widget_type=\"text-editor.default\">\n\t\t\t\t<div class=\"elementor-widget-container\">\n\t\t\t\t\t\t\t\t\t<h1><a href=\"https:\/\/www.bfmtal.de\/index.php\/cookie-richtlinie-eu\/\"><span style=\"color: #ccffff;\">Datenschutz und Cookies<\/span><\/a><\/h1>\t\t\t\t\t\t\t\t<\/div>\n\t\t\t\t<\/div>\n\t\t\t\t\t<\/div>\n\t\t<\/div>\n\t\t\t\t<div class=\"elementor-column elementor-col-50 elementor-inner-column elementor-element elementor-element-2ddf5b1\" data-id=\"2ddf5b1\" data-element_type=\"column\" data-e-type=\"column\">\n\t\t\t<div class=\"elementor-widget-wrap elementor-element-populated\">\n\t\t\t\t\t\t<div class=\"elementor-element elementor-element-82f899f elementor-invisible elementor-widget elementor-widget-text-editor\" data-id=\"82f899f\" data-element_type=\"widget\" data-e-type=\"widget\" data-settings=\"{&quot;_animation_delay&quot;:600,&quot;_animation&quot;:&quot;fadeInUp&quot;}\" data-widget_type=\"text-editor.default\">\n\t\t\t\t<div class=\"elementor-widget-container\">\n\t\t\t\t\t\t\t\t\t<h1><a href=\"https:\/\/www.bfmtal.de\/index.php\/impressum\"><span style=\"color: #ccffff;\">Impressum<\/span><\/a><\/h1>\t\t\t\t\t\t\t\t<\/div>\n\t\t\t\t<\/div>\n\t\t\t\t\t<\/div>\n\t\t<\/div>\n\t\t\t\t\t<\/div>\n\t\t<\/section>\n\t\t\t\t\t<\/div>\n\t\t<\/div>\n\t\t\t\t\t<\/div>\n\t\t<\/section>\n\t\t\t\t<\/div>\n\t\t","protected":false},"excerpt":{"rendered":"<p>Ja, auch ich bin \u00fcberzeugt von dem neuen Weg, wirklich aktiv sein f\u00fcr den B\u00fcrger, losgel\u00f6st von Landes und Bundespolitik ! Ich unterst\u00fctze B\u00fcrger f\u00fcr M\u00fcnstertal. \u00a0Spenden und Mitgliedsbeitr\u00e4ge an freie W\u00e4hlervereinigungen sind steuerlich beg\u00fcnstigt. Die Steuerersparnis betr\u00e4gt maximal 825 Euro f\u00fcr Alleinstehende und 1.650 Euro f\u00fcr Verheiratete. Anders als bei Spenden an Parteien werden [&hellip;]<\/p>\n","protected":false},"author":2,"featured_media":0,"parent":0,"menu_order":0,"comment_status":"closed","ping_status":"closed","template":"","meta":{"ocean_post_layout":"full-screen","ocean_both_sidebars_style":"","ocean_both_sidebars_content_width":0,"ocean_both_sidebars_sidebars_width":0,"ocean_sidebar":"","ocean_second_sidebar":"","ocean_disable_margins":"enable","ocean_add_body_class":"","ocean_shortcode_before_top_bar":"","ocean_shortcode_after_top_bar":"","ocean_shortcode_before_header":"","ocean_shortcode_after_header":"","ocean_has_shortcode":"","ocean_shortcode_after_title":"","ocean_shortcode_before_footer_widgets":"","ocean_shortcode_after_footer_widgets":"","ocean_shortcode_before_footer_bottom":"","ocean_shortcode_after_footer_bottom":"","ocean_display_top_bar":"off","ocean_display_header":"default","ocean_header_style":"","ocean_center_header_left_menu":"","ocean_custom_header_template":"","ocean_custom_logo":0,"ocean_custom_retina_logo":0,"ocean_custom_logo_max_width":0,"ocean_custom_logo_tablet_max_width":0,"ocean_custom_logo_mobile_max_width":0,"ocean_custom_logo_max_height":0,"ocean_custom_logo_tablet_max_height":0,"ocean_custom_logo_mobile_max_height":0,"ocean_header_custom_menu":"","ocean_menu_typo_font_family":"","ocean_menu_typo_font_subset":"","ocean_menu_typo_font_size":0,"ocean_menu_typo_font_size_tablet":0,"ocean_menu_typo_font_size_mobile":0,"ocean_menu_typo_font_size_unit":"px","ocean_menu_typo_font_weight":"","ocean_menu_typo_font_weight_tablet":"","ocean_menu_typo_font_weight_mobile":"","ocean_menu_typo_transform":"","ocean_menu_typo_transform_tablet":"","ocean_menu_typo_transform_mobile":"","ocean_menu_typo_line_height":0,"ocean_menu_typo_line_height_tablet":0,"ocean_menu_typo_line_height_mobile":0,"ocean_menu_typo_line_height_unit":"","ocean_menu_typo_spacing":0,"ocean_menu_typo_spacing_tablet":0,"ocean_menu_typo_spacing_mobile":0,"ocean_menu_typo_spacing_unit":"","ocean_menu_link_color":"","ocean_menu_link_color_hover":"","ocean_menu_link_color_active":"","ocean_menu_link_background":"","ocean_menu_link_hover_background":"","ocean_menu_link_active_background":"","ocean_menu_social_links_bg":"","ocean_menu_social_hover_links_bg":"","ocean_menu_social_links_color":"","ocean_menu_social_hover_links_color":"","ocean_disable_title":"on","ocean_disable_heading":"default","ocean_post_title":"","ocean_post_subheading":"","ocean_post_title_style":"","ocean_post_title_background_color":"","ocean_post_title_background":0,"ocean_post_title_bg_image_position":"","ocean_post_title_bg_image_attachment":"","ocean_post_title_bg_image_repeat":"","ocean_post_title_bg_image_size":"","ocean_post_title_height":0,"ocean_post_title_bg_overlay":0.5,"ocean_post_title_bg_overlay_color":"","ocean_disable_breadcrumbs":"default","ocean_breadcrumbs_color":"","ocean_breadcrumbs_separator_color":"","ocean_breadcrumbs_links_color":"","ocean_breadcrumbs_links_hover_color":"","ocean_display_footer_widgets":"off","ocean_display_footer_bottom":"off","ocean_custom_footer_template":"","footnotes":""},"class_list":["post-1137","page","type-page","status-publish","hentry","entry"],"_links":{"self":[{"href":"https:\/\/www.bfmtal.de\/index.php\/wp-json\/wp\/v2\/pages\/1137","targetHints":{"allow":["GET"]}}],"collection":[{"href":"https:\/\/www.bfmtal.de\/index.php\/wp-json\/wp\/v2\/pages"}],"about":[{"href":"https:\/\/www.bfmtal.de\/index.php\/wp-json\/wp\/v2\/types\/page"}],"author":[{"embeddable":true,"href":"https:\/\/www.bfmtal.de\/index.php\/wp-json\/wp\/v2\/users\/2"}],"replies":[{"embeddable":true,"href":"https:\/\/www.bfmtal.de\/index.php\/wp-json\/wp\/v2\/comments?post=1137"}],"version-history":[{"count":64,"href":"https:\/\/www.bfmtal.de\/index.php\/wp-json\/wp\/v2\/pages\/1137\/revisions"}],"predecessor-version":[{"id":2157,"href":"https:\/\/www.bfmtal.de\/index.php\/wp-json\/wp\/v2\/pages\/1137\/revisions\/2157"}],"wp:attachment":[{"href":"https:\/\/www.bfmtal.de\/index.php\/wp-json\/wp\/v2\/media?parent=1137"}],"curies":[{"name":"wp","href":"https:\/\/api.w.org\/{rel}","templated":true}]}}